{"id":789,"date":"2020-12-05T17:33:42","date_gmt":"2020-12-05T17:33:42","guid":{"rendered":"https:\/\/dmr.datema.de\/?post_type=publikation&#038;p=789"},"modified":"2020-12-23T09:44:13","modified_gmt":"2020-12-23T09:44:13","slug":"70-jahre-verfolgung-und-vertreibung-von-bischof-joannes-baptista-sproll","status":"publish","type":"publikation","link":"https:\/\/dioezesanmuseum-rottenburg.de\/en\/publikation\/70-jahre-verfolgung-und-vertreibung-von-bischof-joannes-baptista-sproll\/","title":{"rendered":"70 Jahre Verfolgung und Vertreibung von Bischof Joannes Baptista Sproll"},"content":{"rendered":"<div class=\"wpb-content-wrapper\"><p>[vc_row row_height_percent=&#8221;0&#8243; override_padding=&#8221;yes&#8221; h_padding=&#8221;0&#8243; top_padding=&#8221;0&#8243; bottom_padding=&#8221;0&#8243; overlay_alpha=&#8221;50&#8243; gutter_size=&#8221;3&#8243; column_width_percent=&#8221;100&#8243; shift_y=&#8221;0&#8243; z_index=&#8221;0&#8243;][vc_column width=&#8221;1\/1&#8243;][vc_column_text]Herbert Aderbauer \/ Thomas Oschmann (Hg.), 70 Jahre Verfolgung und Vertreibung von Bischof Joannes Baptista Sproll, Herausgegeben im Auftrag des Bisch\u00f6flichen Ordinariats der Di\u00f6zese Rottenburg-Stuttgart, Ostfildern 2009 (Schwabenverlag), Broschur, Format 21 x 29,7 cm, 144 Seiten mit zahlreichen Abbildungen, ISBN: 978-3-7966-1448-4, \u20ac 9,90, zu beziehen im Buchhandel oder beim Di\u00f6zesanarchiv Rottenburg<\/p>\n<p>Diese Ausstellung des Di\u00f6zesanarchivs Rottenburg war am 23. Juli 2008 im Bisch\u00f6flichen Palais aus Anlass des 70. Jahrestags der schlimmsten Ausschreitungen der Nationalsozialisten gegen Bischof Sproll er\u00f6ffnet worden und hatte fast ein halbes Jahr lang zahlreiche Besucher angezogen. Das Zitat \u201eSchickt den Bischof in die W\u00fcste!\u201c aus der NS-Zeitung \u201eFlammenzeichen\u201c stellt den Untertitel f\u00fcr Ausstellung und Dokumentation und macht deutlich, mit welch unverhohlenem Hass die braunen Machthaber auf den Widerstand des katholischen Bischofs reagierten.<\/p>\n<p>Der 144 Seiten starke Band pr\u00e4sentiert in Fotografien und \u2013 teilweise transskribierten \u2013 Textdokumenten die von Anfang an vorhandene und im Jahr 1938 eskalierende Gegnerschaft zwischen Bischof Sproll und den Nationalsozialisten. Neben einem Geleitwort von Bischof Gebhard F\u00fcrst f\u00fchren knappe und zugleich kenntnisreiche Texte der beiden Herausgeber Herbert Aderbauer und Thomas Oschmann in die sechs Hauptkapitel ein. Sie erl\u00e4utern, dass Bischof Sproll schon fr\u00fch ein Gegner der Nationalisten war; sie gehen auf die Weigerung Sprolls ein, an der Volksabstimmung zum \u201eAnschluss\u201c \u00d6sterreichs und der damit verbundenen Reichstagwahl am 10. April 1938 teilzunehmen \u2013 der Beginn einer Serie w\u00fcster Demonstrationen bis hin zur Vertreibung des Bischofs aus der Di\u00f6zese; sie beschreiben die verschiedenen Zufluchtsorte, an denen sich Bischof Sproll zwischen April und August 1938 dem Zugriff der Nazis entzog; sie dokumentieren die Ausschreitungen am 23. Juli 1938 im Rottenburger Bisch\u00f6flichen Palais; sie legen bewegende Zeugnisse der Solidarit\u00e4t von Priestern und Gl\u00e4ubigen der Di\u00f6zese mit ihrem Bischof vor und sie zeichnen schlie\u00dflich die fast sieben Jahre nach, in denen Sproll \u2013 ge\u00e4chtet und gleichsam vogelfrei \u2013 im Exil verbringen musste, um am 12. Juni 1945 schlie\u00dflich als schwer leidender Mann nach Rottenburg zur\u00fcckzukehren. Eine Zeittafel bietet zus\u00e4tzlich wertvolle Informationen. Auch die einzelnen Dokumente werden durch knappe Erkl\u00e4rungen der Herausgeber in den geschichtlichen Zusammenhang eingeordnet. Es ist sicher \u2013 neben der Edition selbst \u2013 ein Verdienst der Herausgeber, gerade durch die konsequente Reduzierung der Texte auf die wichtigsten Informationen dazu beizutragen, dass die Exponate selbst zur Sprache kommen \u2013 erschreckend, ersch\u00fctternd, bewegend, wie das Drama um Joannes Baptista Sproll insgesamt. Das durch den Schwabenverlag sorgf\u00e4ltig lektorierte und ansprechend ausgestattete Buch ist ein gelungener Beitrag dazu, die markante Pers\u00f6nlichkeit Sprolls und ebenso eine pr\u00e4gende Phase der Rottenburger Di\u00f6zesangeschichte in lebendiger Erinnerung zu halten.[\/vc_column_text][vc_empty_space empty_h=&#8221;2&#8243;][vc_button button_color=&#8221;accent&#8221; radius=&#8221;btn-circle&#8221; border_width=&#8221;0&#8243; display=&#8221;inline&#8221; scale_mobile=&#8221;no&#8221; css_animation=&#8221;left-t-right&#8221; link=&#8221;url:http%3A%2F%2Fthesaurus-religion.de%2F28280%2F70%2520Jahre%2520Verfolgung%2520und%2520Vertreibung%2520von%2520Bischof%2520Joannes%2520Baptista%2520Sproll|target:_blank&#8221; icon=&#8221;fa fa-shopping-cart&#8221;]Bestellung beim Verlag[\/vc_button][\/vc_column][\/vc_row]<\/p>\n<\/div>","protected":false},"excerpt":{"rendered":"<p>70 Jahre Verfolgung und Vertreibung von Bischof Joannes Baptista Sproll<\/p>\n","protected":false},"featured_media":790,"template":"","categories":[55,46],"tags":[],"class_list":["post-789","publikation","type-publikation","status-publish","has-post-thumbnail","hentry","category-dioezesanmuseum","category-sproll-gedenkort"],"acf":[],"_links":{"self":[{"href":"https:\/\/dioezesanmuseum-rottenburg.de\/en\/wp-json\/wp\/v2\/publikation\/789","targetHints":{"allow":["GET"]}}],"collection":[{"href":"https:\/\/dioezesanmuseum-rottenburg.de\/en\/wp-json\/wp\/v2\/publikation"}],"about":[{"href":"https:\/\/dioezesanmuseum-rottenburg.de\/en\/wp-json\/wp\/v2\/types\/publikation"}],"version-history":[{"count":0,"href":"https:\/\/dioezesanmuseum-rottenburg.de\/en\/wp-json\/wp\/v2\/publikation\/789\/revisions"}],"wp:featuredmedia":[{"embeddable":true,"href":"https:\/\/dioezesanmuseum-rottenburg.de\/en\/wp-json\/wp\/v2\/media\/790"}],"wp:attachment":[{"href":"https:\/\/dioezesanmuseum-rottenburg.de\/en\/wp-json\/wp\/v2\/media?parent=789"}],"wp:term":[{"taxonomy":"category","embeddable":true,"href":"https:\/\/dioezesanmuseum-rottenburg.de\/en\/wp-json\/wp\/v2\/categories?post=789"},{"taxonomy":"post_tag","embeddable":true,"href":"https:\/\/dioezesanmuseum-rottenburg.de\/en\/wp-json\/wp\/v2\/tags?post=789"}],"curies":[{"name":"wp","href":"https:\/\/api.w.org\/{rel}","templated":true}]}}

<div class="wpb-content-wrapper"><p>[vc_row row_height_percent=&#8221;0&#8243; override_padding=&#8221;yes&#8221; h_padding=&#8221;0&#8243; top_padding=&#8221;0&#8243; bottom_padding=&#8221;0&#8243; overlay_alpha=&#8221;50&#8243; gutter_size=&#8221;3&#8243; column_width_percent=&#8221;100&#8243; shift_y=&#8221;0&#8243; z_index=&#8221;0&#8243;][vc_column width=&#8221;1/1&#8243;][vc_column_text]Herbert Aderbauer / Thomas Oschmann (Hg.), 70 Jahre Verfolgung und Vertreibung von Bischof Joannes Baptista Sproll, Herausgegeben im Auftrag des Bischöflichen Ordinariats der Diözese Rottenburg-Stuttgart, Ostfildern 2009 (Schwabenverlag), Broschur, Format 21 x 29,7 cm, 144 Seiten mit zahlreichen Abbildungen, ISBN: 978-3-7966-1448-4, € 9,90, zu beziehen im Buchhandel oder beim Diözesanarchiv Rottenburg</p>
<p>Diese Ausstellung des Diözesanarchivs Rottenburg war am 23. Juli 2008 im Bischöflichen Palais aus Anlass des 70. Jahrestags der schlimmsten Ausschreitungen der Nationalsozialisten gegen Bischof Sproll eröffnet worden und hatte fast ein halbes Jahr lang zahlreiche Besucher angezogen. Das Zitat „Schickt den Bischof in die Wüste!“ aus der NS-Zeitung „Flammenzeichen“ stellt den Untertitel für Ausstellung und Dokumentation und macht deutlich, mit welch unverhohlenem Hass die braunen Machthaber auf den Widerstand des katholischen Bischofs reagierten.</p>
<p>Der 144 Seiten starke Band präsentiert in Fotografien und – teilweise transskribierten – Textdokumenten die von Anfang an vorhandene und im Jahr 1938 eskalierende Gegnerschaft zwischen Bischof Sproll und den Nationalsozialisten. Neben einem Geleitwort von Bischof Gebhard Fürst führen knappe und zugleich kenntnisreiche Texte der beiden Herausgeber Herbert Aderbauer und Thomas Oschmann in die sechs Hauptkapitel ein. Sie erläutern, dass Bischof Sproll schon früh ein Gegner der Nationalisten war; sie gehen auf die Weigerung Sprolls ein, an der Volksabstimmung zum „Anschluss“ Österreichs und der damit verbundenen Reichstagwahl am 10. April 1938 teilzunehmen – der Beginn einer Serie wüster Demonstrationen bis hin zur Vertreibung des Bischofs aus der Diözese; sie beschreiben die verschiedenen Zufluchtsorte, an denen sich Bischof Sproll zwischen April und August 1938 dem Zugriff der Nazis entzog; sie dokumentieren die Ausschreitungen am 23. Juli 1938 im Rottenburger Bischöflichen Palais; sie legen bewegende Zeugnisse der Solidarität von Priestern und Gläubigen der Diözese mit ihrem Bischof vor und sie zeichnen schließlich die fast sieben Jahre nach, in denen Sproll – geächtet und gleichsam vogelfrei – im Exil verbringen musste, um am 12. Juni 1945 schließlich als schwer leidender Mann nach Rottenburg zurückzukehren. Eine Zeittafel bietet zusätzlich wertvolle Informationen. Auch die einzelnen Dokumente werden durch knappe Erklärungen der Herausgeber in den geschichtlichen Zusammenhang eingeordnet. Es ist sicher – neben der Edition selbst – ein Verdienst der Herausgeber, gerade durch die konsequente Reduzierung der Texte auf die wichtigsten Informationen dazu beizutragen, dass die Exponate selbst zur Sprache kommen – erschreckend, erschütternd, bewegend, wie das Drama um Joannes Baptista Sproll insgesamt. Das durch den Schwabenverlag sorgfältig lektorierte und ansprechend ausgestattete Buch ist ein gelungener Beitrag dazu, die markante Persönlichkeit Sprolls und ebenso eine prägende Phase der Rottenburger Diözesangeschichte in lebendiger Erinnerung zu halten.[/vc_column_text][vc_empty_space empty_h=&#8221;2&#8243;][vc_button button_color=&#8221;accent&#8221; radius=&#8221;btn-circle&#8221; border_width=&#8221;0&#8243; display=&#8221;inline&#8221; scale_mobile=&#8221;no&#8221; css_animation=&#8221;left-t-right&#8221; link=&#8221;url:http%3A%2F%2Fthesaurus-religion.de%2F28280%2F70%2520Jahre%2520Verfolgung%2520und%2520Vertreibung%2520von%2520Bischof%2520Joannes%2520Baptista%2520Sproll|target:_blank&#8221; icon=&#8221;fa fa-shopping-cart&#8221;]Bestellung beim Verlag[/vc_button][/vc_column][/vc_row]</p>
</div>
